{"id":3185,"date":"2019-10-21T10:44:55","date_gmt":"2019-10-21T14:44:55","guid":{"rendered":"http:\/\/mkn-rcm.ca\/?page_id=3185"},"modified":"2023-02-27T20:23:10","modified_gmt":"2023-02-28T01:23:10","slug":"indigenous-knowledge-impact-2016-to-2019","status":"publish","type":"page","link":"http:\/\/www.mkn-rcm.ca\/french\/indigenous-knowledge-impact-2016-to-2019\/","title":{"rendered":"Impact du d\u00e9veloppement professionnel dans la communaut\u00e9 de pratique du savoir autochtone de 2016 \u00e0 2019"},"content":{"rendered":"\n<div class=\"twitter-share\"><a href=\"https:\/\/twitter.com\/intent\/tweet?via=mknrcm\" class=\"twitter-share-button\">Tweet<\/a><\/div>\n<p><a href=\"http:\/\/www.mkn-rcm.ca\/french\/wp-content\/uploads\/2019\/10\/Pic-1-1.png\"><img loading=\"lazy\" class=\"size-full wp-image-3186 aligncenter\" src=\"http:\/\/www.mkn-rcm.ca\/french\/wp-content\/uploads\/2019\/10\/Pic-1-1.png\" alt=\"\" width=\"713\" height=\"118\" srcset=\"http:\/\/www.mkn-rcm.ca\/french\/wp-content\/uploads\/2019\/10\/Pic-1-1.png 713w, http:\/\/www.mkn-rcm.ca\/french\/wp-content\/uploads\/2019\/10\/Pic-1-1-300x50.png 300w\" sizes=\"(max-width: 713px) 85vw, 713px\" \/><\/a><\/p>\n<p style=\"text-align: center;\"><strong>R\u00c9SUM\u00c9 DES RETOMB\u00c9ES<br \/>\nIMPACT DIRECT : <\/strong>~625 enseignants\/\u00e9ducateurs ~325 \u00e9l\u00e8ves\u00a0 <strong><br \/>\n<\/strong><strong>IMPACT POTENTIEL INDIRECT : <\/strong>~12 500 \u00e9l\u00e8ves<\/p>\n<p><strong>Ateliers, conf\u00e9rences et camps<\/strong><\/p>\n<ol>\n<li>Connaissances autochtones &#8211; le rassemblement des jeunes et l\u2019atelier de la NASA : <strong>40 \u00e9l\u00e8ves, 12 enseignants\/\u00e9ducateurs<\/strong><\/li>\n<li>Conf\u00e9rence sur la r\u00e9conciliation par l\u2019\u00e9ducation : <strong>280 participants<\/strong><\/li>\n<li>Camp de culture math\u00e9matique : <strong>15 participants<\/strong><\/li>\n<li>Rassemblement des a\u00een\u00e9s de la FNMIEAO\u00a0: <strong>168 enseignants\/\u00e9ducateurs, 40 \u00e9l\u00e8ves<\/strong><\/li>\n<li>Conf\u00e9rence sur le savoir autochtone et les math\u00e9matiques de Fort Frances<\/li>\n<\/ol>\n<p><strong><a href=\"http:\/\/www.mkn-rcm.ca\/french\/wp-content\/uploads\/2019\/10\/Pic-2.jpg\"><img loading=\"lazy\" class=\" wp-image-3191 alignleft\" src=\"http:\/\/www.mkn-rcm.ca\/french\/wp-content\/uploads\/2019\/10\/Pic-2.jpg\" alt=\"\" width=\"235\" height=\"332\" srcset=\"http:\/\/www.mkn-rcm.ca\/french\/wp-content\/uploads\/2019\/10\/Pic-2.jpg 635w, http:\/\/www.mkn-rcm.ca\/french\/wp-content\/uploads\/2019\/10\/Pic-2-212x300.jpg 212w\" sizes=\"(max-width: 235px) 85vw, 235px\" \/><\/a><\/strong><strong>Connaissances autochtones : Le rassemblement des jeunes et l\u2019atelier de la NASA, <\/strong>apprenez-en plus sur les deux ateliers <a href=\"http:\/\/www.mkn-rcm.ca\/french\/indigenous-knowledge-the-youth-gathering-nasa-workshop\/\">ici<\/a>!<\/p>\n<p><strong>Conf\u00e9rence sur la r\u00e9conciliation par <\/strong>l\u2019\u00e9ducation, plusieurs ateliers ont \u00e9t\u00e9 consacr\u00e9s au savoir autochtone et aux math\u00e9matiques.<\/p>\n<p><strong>La conf\u00e9rence sur les connaissances autochtones et les math\u00e9matiques de Fort Frances, <\/strong><strong>le<\/strong> travail effectu\u00e9 par les conseils de 7 Generations et Rainy River a \u00e9t\u00e9 soulign\u00e9.<\/p>\n<p><strong>Conf\u00e9rence des \u00e9ducateurs, <\/strong>plusieurs ateliers ont pr\u00e9sent\u00e9 le travail de la CdP du savoir autochtone.<\/p>\n<p><strong>Camp culturel math\u00e9matique, <\/strong>r\u00e9union de la communaut\u00e9 de pratique du savoir autochtone \u00e0 l&#8217;\u00cele Manitoulin.<\/p>\n<p><strong>Dans le cadre du Maple Sweet Water Program du DPCSB, six classes \u00e9l\u00e9mentaires <\/strong>de la 6<sup>e<\/sup> \u00e0 la 8<sup>e<\/sup> ann\u00e9e ont particip\u00e9 avec des membres de la communaut\u00e9 du Credit River Metis Council, pour un total de 180 \u00e9l\u00e8ves et 17 enseignants\/\u00e9ducateurs.\u00a0 Pour plus d\u2019information, voir <a href=\"http:\/\/www.mkn-rcm.ca\/french\/indigenous-knowledge-and-mathematics-inquiry-year-2-dufferin-peel-catholic-district-school-board\/\">ici<\/a>!<\/p>\n<figure id=\"attachment_3193\" aria-describedby=\"caption-attachment-3193\" style=\"width: 705px\" class=\"wp-caption aligncenter\"><a href=\"http:\/\/www.mkn-rcm.ca\/french\/wp-content\/uploads\/2019\/10\/Pic-3-1.png\"><img loading=\"lazy\" class=\"wp-image-3193 \" src=\"http:\/\/www.mkn-rcm.ca\/french\/wp-content\/uploads\/2019\/10\/Pic-3-1.png\" alt=\"\" width=\"705\" height=\"220\" srcset=\"http:\/\/www.mkn-rcm.ca\/french\/wp-content\/uploads\/2019\/10\/Pic-3-1.png 954w, http:\/\/www.mkn-rcm.ca\/french\/wp-content\/uploads\/2019\/10\/Pic-3-1-300x93.png 300w, http:\/\/www.mkn-rcm.ca\/french\/wp-content\/uploads\/2019\/10\/Pic-3-1-768x239.png 768w\" sizes=\"(max-width: 705px) 85vw, 705px\" \/><\/a><figcaption id=\"caption-attachment-3193\" class=\"wp-caption-text\">Image de droite : Les \u00e9l\u00e8ves d&#8217;une classe r\u00e9sument les math\u00e9matiques qu\u2019ils voyaient et faisaient tout au long de l\u2019apprentissage.<\/figcaption><\/figure>\n<p><strong>Gaa-izhi-izhitwaawaad anishinaabeg : Enseignement et apprentissage adapt\u00e9s \u00e0 la culture\u00a0: <\/strong>80 \u00e9l\u00e8ves et 150 enseignants<\/p>\n<p><a href=\"http:\/\/www.mkn-rcm.ca\/french\/wp-content\/uploads\/2019\/10\/Pic-4-2.png\"><img loading=\"lazy\" class=\"wp-image-3195 aligncenter\" src=\"http:\/\/www.mkn-rcm.ca\/french\/wp-content\/uploads\/2019\/10\/Pic-4-2.png\" alt=\"\" width=\"607\" height=\"198\" srcset=\"http:\/\/www.mkn-rcm.ca\/french\/wp-content\/uploads\/2019\/10\/Pic-4-2.png 887w, http:\/\/www.mkn-rcm.ca\/french\/wp-content\/uploads\/2019\/10\/Pic-4-2-300x98.png 300w, http:\/\/www.mkn-rcm.ca\/french\/wp-content\/uploads\/2019\/10\/Pic-4-2-768x250.png 768w\" sizes=\"(max-width: 607px) 85vw, 607px\" \/><\/a>Facilitation du perfectionnement professionnel des enseignants, de la conception conjointe, du codage sur le terrain et des le\u00e7ons de pens\u00e9e informatique dans les classes de la maternelle \u00e0 la 3<sup>e<\/sup> ann\u00e9e.<\/p>\n<p>Des enseignants de Toronto ont travaill\u00e9 avec des enseignants et des \u00e9l\u00e8ves de l\u2019\u00e9cole Mikinaak de la Premi\u00e8re Nation d\u2019Onigaming et de l\u2019\u00e9cole Big Grassy de la Premi\u00e8re Nation de Big Grassy, y compris des enseignants et des \u00e9l\u00e8ves de l\u2019\u00e9cole publique Mine Centre (Rainy River District School Board) \u00e0 Mine Centre, en Ontario.<\/p>\n<p><strong>Autres ressources<\/strong><\/p>\n<ul>\n<li>La revitalisation de la connaissance des \u00e9toiles met l\u2019accent sur les ateliers d\u2019astronomie math\u00e9matique tenus en avril 2019. Le documentaire <em>Revitalizing Star Knowledge<\/em> montre des r\u00e9unions pour explorer les partenariats avec des \u00e9ducateurs maoris de Nouvelle-Z\u00e9lande et de la NASA, l\u2019enregistrement des savoirs autochtones des a\u00een\u00e9s sur les \u00e9toiles et explore les technologies possibles (c.-\u00e0-d. APP, VR) pour cr\u00e9er une ressource reliant les math\u00e9matiques \u00e0 l\u2019astronomie autochtone et au programme d\u2019\u00e9tudes. Le documentaire a \u00e9t\u00e9 partag\u00e9 sur la cha\u00eene <a href=\"https:\/\/www.youtube.com\/watch?v=W9Ysad4JLSk\">YouTube<\/a>.<\/li>\n<\/ul>\n<p><a href=\"http:\/\/www.mkn-rcm.ca\/french\/wp-content\/uploads\/2019\/10\/Star-Knowledge-Doc.png\"><img loading=\"lazy\" class=\"wp-image-3233 aligncenter\" src=\"http:\/\/www.mkn-rcm.ca\/french\/wp-content\/uploads\/2019\/10\/Star-Knowledge-Doc.png\" alt=\"\" width=\"622\" height=\"350\" srcset=\"http:\/\/www.mkn-rcm.ca\/french\/wp-content\/uploads\/2019\/10\/Star-Knowledge-Doc.png 1222w, http:\/\/www.mkn-rcm.ca\/french\/wp-content\/uploads\/2019\/10\/Star-Knowledge-Doc-300x169.png 300w, http:\/\/www.mkn-rcm.ca\/french\/wp-content\/uploads\/2019\/10\/Star-Knowledge-Doc-768x432.png 768w, http:\/\/www.mkn-rcm.ca\/french\/wp-content\/uploads\/2019\/10\/Star-Knowledge-Doc-1024x577.png 1024w, http:\/\/www.mkn-rcm.ca\/french\/wp-content\/uploads\/2019\/10\/Star-Knowledge-Doc-1200x676.png 1200w\" sizes=\"(max-width: 622px) 85vw, 622px\" \/><\/a><\/p>\n<ul>\n<li>Les lignes directrices pour mobiliser les connaissances autochtones sont disponibles sur le <a href=\"http:\/\/www.mkn-rcm.ca\/french\/guidelines-to-engaging-with-indigenous-knowledge\/\">site Web du RCM<\/a>.<\/li>\n<li>Une <a href=\"http:\/\/bit.ly\/IKMATHvideos\">cha\u00eene Youtube<\/a> de la FNMIEAO\u00a0 avec des ressources vid\u00e9o est disponible!<\/li>\n<\/ul>\n","protected":false},"excerpt":{"rendered":"<p>R\u00c9SUM\u00c9 DES RETOMB\u00c9ES IMPACT DIRECT : ~625 enseignants\/\u00e9ducateurs ~325 \u00e9l\u00e8ves\u00a0 IMPACT POTENTIEL INDIRECT : ~12 500 \u00e9l\u00e8ves Ateliers, conf\u00e9rences et camps Connaissances autochtones &#8211; le rassemblement des jeunes et l\u2019atelier de la NASA : 40 \u00e9l\u00e8ves, 12 enseignants\/\u00e9ducateurs Conf\u00e9rence sur la r\u00e9conciliation par l\u2019\u00e9ducation : 280 participants Camp de culture math\u00e9matique : 15 participants Rassemblement &hellip; <a href=\"http:\/\/www.mkn-rcm.ca\/french\/indigenous-knowledge-impact-2016-to-2019\/\" class=\"more-link\">Continue reading<span class=\"screen-reader-text\"> &#8220;Impact du d\u00e9veloppement professionnel dans la communaut\u00e9 de pratique du savoir autochtone de 2016 \u00e0 2019&#8221;<\/span><\/a><\/p>\n","protected":false},"author":272,"featured_media":0,"parent":0,"menu_order":0,"comment_status":"closed","ping_status":"closed","template":"","meta":[],"_links":{"self":[{"href":"http:\/\/www.mkn-rcm.ca\/french\/wp-json\/wp\/v2\/pages\/3185"}],"collection":[{"href":"http:\/\/www.mkn-rcm.ca\/french\/wp-json\/wp\/v2\/pages"}],"about":[{"href":"http:\/\/www.mkn-rcm.ca\/french\/wp-json\/wp\/v2\/types\/page"}],"author":[{"embeddable":true,"href":"http:\/\/www.mkn-rcm.ca\/french\/wp-json\/wp\/v2\/users\/272"}],"replies":[{"embeddable":true,"href":"http:\/\/www.mkn-rcm.ca\/french\/wp-json\/wp\/v2\/comments?post=3185"}],"version-history":[{"count":15,"href":"http:\/\/www.mkn-rcm.ca\/french\/wp-json\/wp\/v2\/pages\/3185\/revisions"}],"predecessor-version":[{"id":6379,"href":"http:\/\/www.mkn-rcm.ca\/french\/wp-json\/wp\/v2\/pages\/3185\/revisions\/6379"}],"wp:attachment":[{"href":"http:\/\/www.mkn-rcm.ca\/french\/wp-json\/wp\/v2\/media?parent=3185"}],"curies":[{"name":"wp","href":"https:\/\/api.w.org\/{rel}","templated":true}]}}