{"id":3836,"date":"2020-08-03T08:35:09","date_gmt":"2020-08-03T12:35:09","guid":{"rendered":"http:\/\/mkn-rcm.ca\/?page_id=3836"},"modified":"2022-11-05T20:06:57","modified_gmt":"2022-11-06T00:06:57","slug":"the-early-years-home-math-learning-august-2020","status":"publish","type":"page","link":"http:\/\/www.mkn-rcm.ca\/french\/the-early-years-home-math-learning-august-2020\/","title":{"rendered":"Les premi\u00e8res ann\u00e9es\u00a0: apprentissage des math\u00e9matiques \u00e0 domicile, ao\u00fbt 2020"},"content":{"rendered":"\n<div class=\"twitter-share\"><a href=\"https:\/\/twitter.com\/intent\/tweet?via=mknrcm\" class=\"twitter-share-button\">Tweet<\/a><\/div>\n<p><a href=\"http:\/\/www.mkn-rcm.ca\/french\/wp-content\/uploads\/2020\/08\/EarlyYearsK_MKN_HomeMathLearningCalendar_August_Week_01.pdf\"><img loading=\"lazy\" class=\"alignnone wp-image-3837 size-full\" src=\"http:\/\/www.mkn-rcm.ca\/french\/wp-content\/uploads\/2020\/08\/EarlyYearsK_MKN_HomeMathLearningCalendar_August_Week_01-pdf.jpg\" alt=\"\" width=\"1088\" height=\"1408\" \/><\/a><br \/>\n<a href=\"http:\/\/www.mkn-rcm.ca\/french\/wp-content\/uploads\/2020\/08\/EarlyYearsK_MKN_HomeMathLearningCalendar_August_Week_02.pdf\"><img loading=\"lazy\" class=\"alignnone wp-image-3840 size-full\" src=\"http:\/\/www.mkn-rcm.ca\/french\/wp-content\/uploads\/2020\/08\/EarlyYearsK_MKN_HomeMathLearningCalendar_August_Week_02-pdf.jpg\" alt=\"\" width=\"1088\" height=\"1408\" \/><\/a><br \/>\n<a href=\"http:\/\/www.mkn-rcm.ca\/french\/wp-content\/uploads\/2020\/08\/EarlyYearsK_MKN_HomeMathLearningCalendar_August_Week_03.pdf\"><img loading=\"lazy\" class=\"alignnone wp-image-3842 size-full\" src=\"http:\/\/www.mkn-rcm.ca\/french\/wp-content\/uploads\/2020\/08\/EarlyYearsK_MKN_HomeMathLearningCalendar_August_Week_03-pdf.jpg\" alt=\"\" width=\"1088\" height=\"1408\" \/><\/a><br \/>\n<a href=\"http:\/\/www.mkn-rcm.ca\/french\/wp-content\/uploads\/2020\/08\/EarlyYearsK_MKN_HomeMathLearningCalendar_August2020_Week_04.pdf\"><img loading=\"lazy\" class=\"alignnone wp-image-3843 size-full\" src=\"http:\/\/www.mkn-rcm.ca\/french\/wp-content\/uploads\/2020\/08\/EarlyYearsK_MKN_HomeMathLearningCalendar_August2020_Week_04-pdf.jpg\" alt=\"\" width=\"1088\" height=\"1408\" \/><\/a>Voir le poster complet <a href=\"http:\/\/www.mkn-rcm.ca\/french\/wp-content\/uploads\/2020\/08\/EarlyYearsK_MKN_HomeMathLearningCalendar_August2020_Final.pdf\">ici<\/a>!<\/p>\n","protected":false},"excerpt":{"rendered":"<p>Voir le poster complet ici!<\/p>\n","protected":false},"author":272,"featured_media":0,"parent":0,"menu_order":0,"comment_status":"closed","ping_status":"closed","template":"","meta":[],"_links":{"self":[{"href":"http:\/\/www.mkn-rcm.ca\/french\/wp-json\/wp\/v2\/pages\/3836"}],"collection":[{"href":"http:\/\/www.mkn-rcm.ca\/french\/wp-json\/wp\/v2\/pages"}],"about":[{"href":"http:\/\/www.mkn-rcm.ca\/french\/wp-json\/wp\/v2\/types\/page"}],"author":[{"embeddable":true,"href":"http:\/\/www.mkn-rcm.ca\/french\/wp-json\/wp\/v2\/users\/272"}],"replies":[{"embeddable":true,"href":"http:\/\/www.mkn-rcm.ca\/french\/wp-json\/wp\/v2\/comments?post=3836"}],"version-history":[{"count":4,"href":"http:\/\/www.mkn-rcm.ca\/french\/wp-json\/wp\/v2\/pages\/3836\/revisions"}],"predecessor-version":[{"id":5590,"href":"http:\/\/www.mkn-rcm.ca\/french\/wp-json\/wp\/v2\/pages\/3836\/revisions\/5590"}],"wp:attachment":[{"href":"http:\/\/www.mkn-rcm.ca\/french\/wp-json\/wp\/v2\/media?parent=3836"}],"curies":[{"name":"wp","href":"https:\/\/api.w.org\/{rel}","templated":true}]}}