{"id":4360,"date":"2021-05-22T17:47:52","date_gmt":"2021-05-22T21:47:52","guid":{"rendered":"http:\/\/mkn-rcm.ca\/?page_id=4360"},"modified":"2022-12-01T00:30:39","modified_gmt":"2022-12-01T05:30:39","slug":"indigenous-knowledge-cop-update-into-the-everlasting-skies-community-event","status":"publish","type":"page","link":"http:\/\/www.mkn-rcm.ca\/french\/indigenous-knowledge-cop-update-into-the-everlasting-skies-community-event\/","title":{"rendered":"Mise \u00e0 jour de la communaut\u00e9 de pratique du savoir autochtone\u00a0: \u00e9v\u00e8nement communautaire \u00ab\u00a0Into the Everlasting Skies\u00a0\u00bb"},"content":{"rendered":"\n<div class=\"twitter-share\"><a href=\"https:\/\/twitter.com\/intent\/tweet?via=mknrcm\" class=\"twitter-share-button\">Tweet<\/a><\/div>\n<p><strong><img loading=\"lazy\" class=\"wp-image-4347 alignnone\" src=\"http:\/\/www.mkn-rcm.ca\/french\/wp-content\/uploads\/2021\/05\/Screen-Shot-2020-04-18-at-8.19.29-AM.png\" alt=\"\" width=\"342\" height=\"61\" srcset=\"http:\/\/www.mkn-rcm.ca\/french\/wp-content\/uploads\/2021\/05\/Screen-Shot-2020-04-18-at-8.19.29-AM.png 687w, http:\/\/www.mkn-rcm.ca\/french\/wp-content\/uploads\/2021\/05\/Screen-Shot-2020-04-18-at-8.19.29-AM-300x54.png 300w\" sizes=\"(max-width: 342px) 85vw, 342px\" \/><\/strong><\/p>\n<p><strong>KAAGEGII ZHI GOONG ~ \u00c9v\u00e8nement communautaire Into the Everlasting Skies &#8211; 10 avril 2021<\/strong><\/p>\n<p><img loading=\"lazy\" class=\"wp-image-4363 alignright\" src=\"http:\/\/www.mkn-rcm.ca\/french\/wp-content\/uploads\/2021\/05\/ikupdate3.png\" alt=\"\" width=\"121\" height=\"149\" srcset=\"http:\/\/www.mkn-rcm.ca\/french\/wp-content\/uploads\/2021\/05\/ikupdate3.png 415w, http:\/\/www.mkn-rcm.ca\/french\/wp-content\/uploads\/2021\/05\/ikupdate3-245x300.png 245w\" sizes=\"(max-width: 121px) 85vw, 121px\" \/>Cet \u00e9v\u00e9nement amusant et interactif du samedi a r\u00e9uni des membres de la communaut\u00e9, jeunes et moins jeunes, des familles ainsi que des partenaires de la communaut\u00e9 de pratique de la FNMIEAO.<\/p>\n<p><img loading=\"lazy\" class=\" wp-image-4373 alignleft\" src=\"http:\/\/www.mkn-rcm.ca\/french\/wp-content\/uploads\/2021\/05\/ikupdate9-1.png\" alt=\"\" width=\"217\" height=\"193\" srcset=\"http:\/\/www.mkn-rcm.ca\/french\/wp-content\/uploads\/2021\/05\/ikupdate9-1.png 374w, http:\/\/www.mkn-rcm.ca\/french\/wp-content\/uploads\/2021\/05\/ikupdate9-1-300x266.png 300w\" sizes=\"(max-width: 217px) 85vw, 217px\" \/>Au cours de cet \u00e9v\u00e8nement, des connaissances culturelles ont \u00e9t\u00e9 partag\u00e9es et des liens ont \u00e9t\u00e9 \u00e9tablis avec les math\u00e9matiques et les sciences.\u00a0 Les conversations et les activit\u00e9s ont explor\u00e9 combien les syst\u00e8mes de connaissances autochtones sont riches, avec des liens profonds avec la terre et le ciel nocturne. Les exp\u00e9riences avec les fus\u00e9es sont dans cette optique.<\/p>\n<p><img loading=\"lazy\" class=\"wp-image-4351 alignleft\" src=\"http:\/\/www.mkn-rcm.ca\/french\/wp-content\/uploads\/2021\/05\/ikupdate2.png\" alt=\"\" width=\"237\" height=\"175\" srcset=\"http:\/\/www.mkn-rcm.ca\/french\/wp-content\/uploads\/2021\/05\/ikupdate2.png 608w, http:\/\/www.mkn-rcm.ca\/french\/wp-content\/uploads\/2021\/05\/ikupdate2-300x223.png 300w\" sizes=\"(max-width: 237px) 85vw, 237px\" \/>La communaut\u00e9 a envoy\u00e9 des vid\u00e9os partageant la fa\u00e7on dont ils se connectent \u00e0 la terre et \u00e0 l\u2019eau et les enfants ont pu assister \u00e0 des tirs de fus\u00e9es par vid\u00e9o.\u00a0 Des kits ont \u00e9t\u00e9 fournis aux enfants, aux familles et aux salles de classe pour se familiariser avec les processus impliqu\u00e9s dans la fus\u00e9e.<\/p>\n<p><img loading=\"lazy\" class=\" wp-image-4366 aligncenter\" src=\"http:\/\/www.mkn-rcm.ca\/french\/wp-content\/uploads\/2021\/05\/ikupdate7.png\" alt=\"\" width=\"693\" height=\"291\" srcset=\"http:\/\/www.mkn-rcm.ca\/french\/wp-content\/uploads\/2021\/05\/ikupdate7.png 1089w, http:\/\/www.mkn-rcm.ca\/french\/wp-content\/uploads\/2021\/05\/ikupdate7-300x126.png 300w, http:\/\/www.mkn-rcm.ca\/french\/wp-content\/uploads\/2021\/05\/ikupdate7-768x322.png 768w, http:\/\/www.mkn-rcm.ca\/french\/wp-content\/uploads\/2021\/05\/ikupdate7-1024x430.png 1024w\" sizes=\"(max-width: 693px) 85vw, 693px\" \/><\/p>\n<p><img loading=\"lazy\" class=\"size-full wp-image-4364 aligncenter\" src=\"http:\/\/www.mkn-rcm.ca\/french\/wp-content\/uploads\/2021\/05\/ikupdate6.jpg\" alt=\"\" width=\"1719\" height=\"1538\" srcset=\"http:\/\/www.mkn-rcm.ca\/french\/wp-content\/uploads\/2021\/05\/ikupdate6.jpg 1719w, http:\/\/www.mkn-rcm.ca\/french\/wp-content\/uploads\/2021\/05\/ikupdate6-300x268.jpg 300w, http:\/\/www.mkn-rcm.ca\/french\/wp-content\/uploads\/2021\/05\/ikupdate6-768x687.jpg 768w, http:\/\/www.mkn-rcm.ca\/french\/wp-content\/uploads\/2021\/05\/ikupdate6-1024x916.jpg 1024w, http:\/\/www.mkn-rcm.ca\/french\/wp-content\/uploads\/2021\/05\/ikupdate6-1200x1074.jpg 1200w\" sizes=\"(max-width: 709px) 85vw, (max-width: 909px) 67vw, (max-width: 1362px) 62vw, 840px\" \/><\/p>\n","protected":false},"excerpt":{"rendered":"<p>KAAGEGII ZHI GOONG ~ \u00c9v\u00e8nement communautaire Into the Everlasting Skies &#8211; 10 avril 2021 Cet \u00e9v\u00e9nement amusant et interactif du samedi a r\u00e9uni des membres de la communaut\u00e9, jeunes et moins jeunes, des familles ainsi que des partenaires de la communaut\u00e9 de pratique de la FNMIEAO. Au cours de cet \u00e9v\u00e8nement, des connaissances culturelles ont &hellip; <a href=\"http:\/\/www.mkn-rcm.ca\/french\/indigenous-knowledge-cop-update-into-the-everlasting-skies-community-event\/\" class=\"more-link\">Continue reading<span class=\"screen-reader-text\"> &#8220;Mise \u00e0 jour de la communaut\u00e9 de pratique du savoir autochtone\u00a0: \u00e9v\u00e8nement communautaire \u00ab\u00a0Into the Everlasting Skies\u00a0\u00bb&#8221;<\/span><\/a><\/p>\n","protected":false},"author":272,"featured_media":0,"parent":0,"menu_order":0,"comment_status":"closed","ping_status":"closed","template":"","meta":[],"_links":{"self":[{"href":"http:\/\/www.mkn-rcm.ca\/french\/wp-json\/wp\/v2\/pages\/4360"}],"collection":[{"href":"http:\/\/www.mkn-rcm.ca\/french\/wp-json\/wp\/v2\/pages"}],"about":[{"href":"http:\/\/www.mkn-rcm.ca\/french\/wp-json\/wp\/v2\/types\/page"}],"author":[{"embeddable":true,"href":"http:\/\/www.mkn-rcm.ca\/french\/wp-json\/wp\/v2\/users\/272"}],"replies":[{"embeddable":true,"href":"http:\/\/www.mkn-rcm.ca\/french\/wp-json\/wp\/v2\/comments?post=4360"}],"version-history":[{"count":13,"href":"http:\/\/www.mkn-rcm.ca\/french\/wp-json\/wp\/v2\/pages\/4360\/revisions"}],"predecessor-version":[{"id":5898,"href":"http:\/\/www.mkn-rcm.ca\/french\/wp-json\/wp\/v2\/pages\/4360\/revisions\/5898"}],"wp:attachment":[{"href":"http:\/\/www.mkn-rcm.ca\/french\/wp-json\/wp\/v2\/media?parent=4360"}],"curies":[{"name":"wp","href":"https:\/\/api.w.org\/{rel}","templated":true}]}}