{"id":4438,"date":"2021-05-25T10:22:38","date_gmt":"2021-05-25T14:22:38","guid":{"rendered":"http:\/\/mkn-rcm.ca\/?page_id=4438"},"modified":"2023-01-05T21:02:45","modified_gmt":"2023-01-06T02:02:45","slug":"interdisciplinary-lesson-plans-2","status":"publish","type":"page","link":"http:\/\/www.mkn-rcm.ca\/french\/interdisciplinary-lesson-plans-2\/","title":{"rendered":"Plans de le\u00e7ons interdisciplinaires"},"content":{"rendered":"\n<div class=\"twitter-share\"><a href=\"https:\/\/twitter.com\/intent\/tweet?via=mknrcm\" class=\"twitter-share-button\">Tweet<\/a><\/div>\n<p><img loading=\"lazy\" class=\"wp-image-4439 alignright\" src=\"http:\/\/www.mkn-rcm.ca\/french\/wp-content\/uploads\/2021\/05\/crtupdate.png\" alt=\"\" width=\"305\" height=\"175\" srcset=\"http:\/\/www.mkn-rcm.ca\/french\/wp-content\/uploads\/2021\/05\/crtupdate.png 432w, http:\/\/www.mkn-rcm.ca\/french\/wp-content\/uploads\/2021\/05\/crtupdate-300x172.png 300w\" sizes=\"(max-width: 305px) 85vw, 305px\" \/>D\u00e9couvrez les * <a href=\"http:\/\/www.mkn-rcm.ca\/french\/interdisciplinary-lesson-plans\/\">le\u00e7ons interdisciplinaires<\/a> de la CdP des transitions critiques! Une nouvelle le\u00e7on est affich\u00e9e par semaine du d\u00e9but mars \u00e0 la mi-juin (12 \u00e0 14 le\u00e7ons au total) en alternance entre la publication d\u2019une le\u00e7on pour le primaire, le premier cycle et le niveau interm\u00e9diaire. Ces le\u00e7ons sont publi\u00e9es en fran\u00e7ais et en anglais. Ces le\u00e7ons seront sp\u00e9cifiquement de nature transversale, int\u00e9grant les math\u00e9matiques dans les sciences, les \u00e9tudes sociales et les plans de cours d\u2019anglais.<\/p>\n<p>Les le\u00e7ons sont con\u00e7ues pour combiner les math\u00e9matiques avec d\u2019autres mati\u00e8res telles que l\u2019art, les sciences, l\u2019histoire et bien d\u2019autres, afin de promouvoir l\u2019apprentissage interdisciplinaire. L\u2019apprentissage interdisciplinaire a montr\u00e9 qu\u2019il soutient l\u2019apprentissage des \u00e9tudiants \u00e0 travers les diff\u00e9rents programmes d\u2019\u00e9tudes et apporte un int\u00e9r\u00eat suppl\u00e9mentaire.<\/p>\n<p>Les le\u00e7ons interdisciplinaires se poursuivent \u00e0 partir des * <a href=\"http:\/\/www.mkn-rcm.ca\/french\/lesson-plans\/\">plans de cours pour le primaire, le junior et l\u2019interm\u00e9diaire<\/a>.<\/p>\n","protected":false},"excerpt":{"rendered":"<p>D\u00e9couvrez les * le\u00e7ons interdisciplinaires de la CdP des transitions critiques! Une nouvelle le\u00e7on est affich\u00e9e par semaine du d\u00e9but mars \u00e0 la mi-juin (12 \u00e0 14 le\u00e7ons au total) en alternance entre la publication d\u2019une le\u00e7on pour le primaire, le premier cycle et le niveau interm\u00e9diaire. Ces le\u00e7ons sont publi\u00e9es en fran\u00e7ais et en &hellip; <a href=\"http:\/\/www.mkn-rcm.ca\/french\/interdisciplinary-lesson-plans-2\/\" class=\"more-link\">Continue reading<span class=\"screen-reader-text\"> &#8220;Plans de le\u00e7ons interdisciplinaires&#8221;<\/span><\/a><\/p>\n","protected":false},"author":272,"featured_media":0,"parent":0,"menu_order":0,"comment_status":"closed","ping_status":"closed","template":"","meta":[],"_links":{"self":[{"href":"http:\/\/www.mkn-rcm.ca\/french\/wp-json\/wp\/v2\/pages\/4438"}],"collection":[{"href":"http:\/\/www.mkn-rcm.ca\/french\/wp-json\/wp\/v2\/pages"}],"about":[{"href":"http:\/\/www.mkn-rcm.ca\/french\/wp-json\/wp\/v2\/types\/page"}],"author":[{"embeddable":true,"href":"http:\/\/www.mkn-rcm.ca\/french\/wp-json\/wp\/v2\/users\/272"}],"replies":[{"embeddable":true,"href":"http:\/\/www.mkn-rcm.ca\/french\/wp-json\/wp\/v2\/comments?post=4438"}],"version-history":[{"count":9,"href":"http:\/\/www.mkn-rcm.ca\/french\/wp-json\/wp\/v2\/pages\/4438\/revisions"}],"predecessor-version":[{"id":5980,"href":"http:\/\/www.mkn-rcm.ca\/french\/wp-json\/wp\/v2\/pages\/4438\/revisions\/5980"}],"wp:attachment":[{"href":"http:\/\/www.mkn-rcm.ca\/french\/wp-json\/wp\/v2\/media?parent=4438"}],"curies":[{"name":"wp","href":"https:\/\/api.w.org\/{rel}","templated":true}]}}