{"id":17,"date":"2016-11-15T17:16:40","date_gmt":"2016-11-15T22:16:40","guid":{"rendered":"http:\/\/mkn-rcm.ca\/?page_id=17"},"modified":"2022-10-30T19:01:05","modified_gmt":"2022-10-30T23:01:05","slug":"cops","status":"publish","type":"page","link":"https:\/\/www.mkn-rcm.ca\/french\/cops\/","title":{"rendered":"Communaut\u00e9s de pratique"},"content":{"rendered":"\n<div class=\"twitter-share\"><a href=\"https:\/\/twitter.com\/intent\/tweet?via=mknrcm\" class=\"twitter-share-button\">Tweet<\/a><\/div>\n\n<ul><li><a href=\"http:\/\/www.mkn-rcm.ca\/french\/math-leadership\/\"><strong><em>Leadership en math\u00e9matique<\/em><\/strong><\/a><strong><em>.<\/em><\/strong> &nbsp;Aider les enseignants et les leaders \u00e0 \u00e9laborer des mod\u00e8les puissants et fond\u00e9s sur des donn\u00e9es probantes pour rehausser l\u2019apprentissage et l\u2019enseignement des math\u00e9matiques.<\/li><\/ul>\n\n\n\n<ul><li><strong><em><a href=\"http:\/\/www.mkn-rcm.ca\/french\/transitions\/\">Transitions critiques dans le d\u00e9veloppement math\u00e9matique des \u00e9l\u00e8ves<\/a>.<\/em><\/strong> \u00a0Mettre l\u2019accent sur les transitions qui se sont av\u00e9r\u00e9es difficiles pour les \u00e9l\u00e8ves (p. ex., de la maternelle \u00e0 la 1<sup>re<\/sup> ann\u00e9e, du primaire au secondaire).<\/li><\/ul>\n\n\n\n<ul><li><strong><em><a href=\"http:\/\/www.mkn-rcm.ca\/french\/indigenousknowledge\/\">Enseignement des savoirs autochtones et des math\u00e9matiques<\/a>.<\/em><\/strong> \u00a0Faire progresser l\u2019apprentissage des math\u00e9matiques pour les \u00e9l\u00e8ves des Premi\u00e8res Nations, m\u00e9tis et inuits en identifiant des pratiques p\u00e9dagogiques efficaces reliant les math\u00e9matiques existantes aux technologies et \u00e0 la conception traditionnelles; explorer comment et quand les savoirs et les activit\u00e9s autochtones fond\u00e9es sur la culture peuvent \u00eatre utilis\u00e9es dans toutes les salles de classe.<\/li><\/ul>\n\n\n\n<ul><li><strong><em><a href=\"http:\/\/www.mkn-rcm.ca\/french\/ct\/\">Pens\u00e9e informatique dans l\u2019enseignement des math\u00e9matiques<\/a>.<\/em><\/strong> \u00a0Int\u00e9grer la pens\u00e9e informatique dans l\u2019enseignement des math\u00e9matiques pour faciliter le d\u00e9veloppement conceptuel gr\u00e2ce \u00e0 la mod\u00e9lisation dynamique et \u00e0 l\u2019apprentissage actif.<\/li><\/ul>\n","protected":false},"excerpt":{"rendered":"<p>Leadership en math\u00e9matique. &nbsp;Aider les enseignants et les leaders \u00e0 \u00e9laborer des mod\u00e8les puissants et fond\u00e9s sur des donn\u00e9es probantes pour rehausser l\u2019apprentissage et l\u2019enseignement des math\u00e9matiques. Transitions critiques dans le d\u00e9veloppement math\u00e9matique des \u00e9l\u00e8ves. \u00a0Mettre l\u2019accent sur les transitions qui se sont av\u00e9r\u00e9es difficiles pour les \u00e9l\u00e8ves (p. ex., de la maternelle \u00e0 la &hellip; <a href=\"https:\/\/www.mkn-rcm.ca\/french\/cops\/\" class=\"more-link\">Continue reading<span class=\"screen-reader-text\"> &#8220;Communaut\u00e9s de pratique&#8221;<\/span><\/a><\/p>\n","protected":false},"author":1,"featured_media":0,"parent":0,"menu_order":0,"comment_status":"closed","ping_status":"closed","template":"","meta":[],"_links":{"self":[{"href":"https:\/\/www.mkn-rcm.ca\/french\/wp-json\/wp\/v2\/pages\/17"}],"collection":[{"href":"https:\/\/www.mkn-rcm.ca\/french\/wp-json\/wp\/v2\/pages"}],"about":[{"href":"https:\/\/www.mkn-rcm.ca\/french\/wp-json\/wp\/v2\/types\/page"}],"author":[{"embeddable":true,"href":"https:\/\/www.mkn-rcm.ca\/french\/wp-json\/wp\/v2\/users\/1"}],"replies":[{"embeddable":true,"href":"https:\/\/www.mkn-rcm.ca\/french\/wp-json\/wp\/v2\/comments?post=17"}],"version-history":[{"count":12,"href":"https:\/\/www.mkn-rcm.ca\/french\/wp-json\/wp\/v2\/pages\/17\/revisions"}],"predecessor-version":[{"id":5388,"href":"https:\/\/www.mkn-rcm.ca\/french\/wp-json\/wp\/v2\/pages\/17\/revisions\/5388"}],"wp:attachment":[{"href":"https:\/\/www.mkn-rcm.ca\/french\/wp-json\/wp\/v2\/media?parent=17"}],"curies":[{"name":"wp","href":"https:\/\/api.w.org\/{rel}","templated":true}]}}