{"id":2507,"date":"2019-02-12T20:14:46","date_gmt":"2019-02-13T01:14:46","guid":{"rendered":"http:\/\/mkn-rcm.ca\/?page_id=2507"},"modified":"2023-02-01T20:12:46","modified_gmt":"2023-02-02T01:12:46","slug":"volume-1-issue-1","status":"publish","type":"page","link":"https:\/\/www.mkn-rcm.ca\/french\/volume-1-issue-1\/","title":{"rendered":"Revue MKN Quarterly vol. 1, no 1"},"content":{"rendered":"\n<div class=\"twitter-share\"><a href=\"https:\/\/twitter.com\/intent\/tweet?via=mknrcm\" class=\"twitter-share-button\">Tweet<\/a><\/div>\n<header class=\"entry-header\"><\/header>\n<div class=\"entry-content\">\n<h2 class=\"entry-title\">Revue trimestrielle du R\u00e9seau de connaissances en math\u00e9matiques (Math Knowledge Network QUARTERLY) volume 1, num\u00e9ro 1<\/h2>\n<p><img loading=\"lazy\" class=\"alignright wp-image-2505 size-medium\" src=\"http:\/\/www.mkn-rcm.ca\/french\/wp-content\/uploads\/2019\/02\/Children-Math-300x200.jpg\" sizes=\"(max-width: 300px) 85vw, 300px\" srcset=\"http:\/\/www.mkn-rcm.ca\/french\/wp-content\/uploads\/2019\/02\/Children-Math-300x200.jpg 300w, http:\/\/www.mkn-rcm.ca\/french\/wp-content\/uploads\/2019\/02\/Children-Math-768x512.jpg 768w, http:\/\/www.mkn-rcm.ca\/french\/wp-content\/uploads\/2019\/02\/Children-Math.jpg 780w\" alt=\"greenboard\" width=\"300\" height=\"200\">Bienvenue au premier num\u00e9ro du Math Knowledge Network Quarterly! Nous sommes ravis de partager certains des travaux r\u00e9cents de nos communaut\u00e9s de pratique : leadership en math\u00e9matique, transitions critiques, savoirs autochtones et mod\u00e9lisation informatique.<\/p>\n<p>Un grand merci \u00e0 Arielle Figov (coordonnatrice du MKN) pour son soutien dans l\u2019obtention des soumissions et la publication de notre premier num\u00e9ro.<\/p>\n<\/div>\n<div class=\"entry-content\">George Gadanidis et Donna Kotsopoulos (codirection du MKN)<\/div>\n<div><\/div>\n<div class=\"entry-content\"><em>PS \u2013 Pour rester au courant des \u00e9v\u00e9nements, activit\u00e9s et ressources \u00e0 venir, veuillez visiter <a href=\"http:\/\/www.mkn-rcm.ca\/french\/\">le site Web de MKN<\/a>, vous inscrire \u00e0 notre liste de diffusion (voir le formulaire d\u2019abonnement en bas \u00e0 droite) et nous suivre sur Twitter <a href=\"https:\/\/twitter.com\/mknrcm\">@mknrcm<\/a>.<\/em><\/p>\n<p>\u2014\u2014\u2014\u2014\u2014\u2014\u2014\u2014\u2014\u2014\u2014-<\/p>\n<div class=\"entry-content\">\n<h4>DANS CE NUM\u00c9RO<\/h4>\n<table>\n<tbody>\n<tr>\n<td width=\"312\"><strong><a href=\"http:\/\/www.mkn-rcm.ca\/french\/indigenous-knowledge-the-youth-gathering-nasa-workshop\/\">Savoir autochtone: assembl\u00e9e jeunesse et atelier NASA<br \/>\n<\/a><\/strong><\/p>\n<p><a href=\"http:\/\/www.mkn-rcm.ca\/french\/wp-content\/uploads\/2019\/02\/Copy-of-Star-gathering-2.jpg\"><img loading=\"lazy\" class=\"alignnone size-thumbnail wp-image-2587\" src=\"http:\/\/www.mkn-rcm.ca\/french\/wp-content\/uploads\/2019\/02\/Copy-of-Star-gathering-2-150x150.jpg\" alt=\"\" width=\"150\" height=\"150\"><\/a><\/td>\n<td width=\"312\"><strong><a href=\"http:\/\/www.mkn-rcm.ca\/french\/andy-disessa-webinars-may-2019\/\">Webinaires de Andy diSessa&nbsp; (sur la litt\u00e9ratie informatique et l\u2019intelligence artificielle)<\/a><\/strong><\/p>\n<p><a href=\"http:\/\/www.mkn-rcm.ca\/french\/wp-content\/uploads\/2019\/02\/disessa_andy.jpg\"><img loading=\"lazy\" class=\"alignnone size-thumbnail wp-image-2630\" src=\"http:\/\/www.mkn-rcm.ca\/french\/wp-content\/uploads\/2019\/02\/disessa_andy-150x150.jpg\" sizes=\"(max-width: 150px) 85vw, 150px\" srcset=\"https:\/\/www.mkn-rcm.ca\/french\/wp-content\/uploads\/2019\/02\/disessa_andy-150x150.jpg 150w, https:\/\/www.mkn-rcm.ca\/french\/wp-content\/uploads\/2019\/02\/disessa_andy-300x300.jpg 300w, https:\/\/www.mkn-rcm.ca\/french\/wp-content\/uploads\/2019\/02\/disessa_andy.jpg 400w\" alt=\"\" width=\"150\" height=\"150\"><\/a><\/td>\n<\/tr>\n<tr>\n<td width=\"312\"><strong><a href=\"http:\/\/www.mkn-rcm.ca\/french\/math-leadership-update\/\">Mise \u00e0 jour de la CdP sur le leadership math\u00e9matique: Math Minds: Transformer l\u2019\u00e9ducation Math\u00e9matique<\/a><\/strong><\/p>\n<p><a href=\"http:\/\/www.mkn-rcm.ca\/french\/wp-content\/uploads\/2019\/02\/Capture-1.png\"><img loading=\"lazy\" class=\"alignnone size-thumbnail wp-image-2648\" src=\"http:\/\/www.mkn-rcm.ca\/french\/wp-content\/uploads\/2019\/02\/Capture-1-150x150.png\" alt=\"\" width=\"150\" height=\"150\"><\/a><\/td>\n<td width=\"312\"><strong><a href=\"http:\/\/www.mkn-rcm.ca\/french\/fireflies-and-circuits\/\">Lucioles et circuits \u00e0 St Andrews PS, TDSB<\/a><\/strong><\/p>\n<p><a href=\"http:\/\/www.mkn-rcm.ca\/french\/wp-content\/uploads\/2019\/02\/Screen-Shot-2019-02-10-at-5.31.38-AM.png\"><img loading=\"lazy\" class=\"alignnone size-thumbnail wp-image-2604\" src=\"http:\/\/www.mkn-rcm.ca\/french\/wp-content\/uploads\/2019\/02\/Screen-Shot-2019-02-10-at-5.31.38-AM-150x150.png\" alt=\"\" width=\"150\" height=\"150\"><\/a><\/td>\n<\/tr>\n<tr>\n<td width=\"312\"><strong><a href=\"http:\/\/www.mkn-rcm.ca\/french\/ann-kajander-math-ed-forum-spotlight-re-visioning-relationships-resilience-and-resources\/\">Ann Kajander: focus sur le forum de l\u2019\u00e9ducation math\u00e9matique : revisiter les relations, la r\u00e9silience et les ressources<\/a><\/strong><\/p>\n<p><a href=\"http:\/\/www.mkn-rcm.ca\/french\/wp-content\/uploads\/2019\/02\/Screen-Shot-2019-02-14-at-2.16.36-PM.png\"><img loading=\"lazy\" class=\"alignnone size-thumbnail wp-image-2700\" src=\"http:\/\/www.mkn-rcm.ca\/french\/wp-content\/uploads\/2019\/02\/Screen-Shot-2019-02-14-at-2.16.36-PM-150x150.png\" alt=\"\" width=\"150\" height=\"150\"><\/a><\/td>\n<td width=\"312\"><strong><a href=\"http:\/\/www.mkn-rcm.ca\/french\/critical-transitions-in-mathematics-early-years-project-events\/\">Transitions critiques en math\u00e9matique: projets et \u00e9v\u00e8nements pour les premi\u00e8res ann\u00e9es<br \/>\n<\/a><\/strong><\/p>\n<p><a href=\"http:\/\/www.mkn-rcm.ca\/french\/wp-content\/uploads\/2019\/02\/Screen-Shot-2019-02-14-at-3.32.02-PM.png\"><img loading=\"lazy\" class=\"alignnone size-thumbnail wp-image-2715\" src=\"http:\/\/www.mkn-rcm.ca\/french\/wp-content\/uploads\/2019\/02\/Screen-Shot-2019-02-14-at-3.32.02-PM-150x150.png\" alt=\"\" width=\"150\" height=\"150\"><\/a><\/td>\n<\/tr>\n<tr>\n<td width=\"312\"><a href=\"http:\/\/www.mkn-rcm.ca\/french\/computational-modelling-at-wellington-cdsb\/\"><strong>Jeff Cummings: trois initiatives en mod\u00e9lisation informatique \u00e0 Wellington CDSB<\/strong><\/a><\/p>\n<p><a href=\"http:\/\/www.mkn-rcm.ca\/french\/wp-content\/uploads\/2017\/11\/WCDSB-Logo.png\"><img loading=\"lazy\" class=\"alignnone wp-image-1257\" src=\"http:\/\/www.mkn-rcm.ca\/french\/wp-content\/uploads\/2017\/11\/WCDSB-Logo-300x92.png\" sizes=\"(max-width: 251px) 85vw, 251px\" srcset=\"https:\/\/www.mkn-rcm.ca\/french\/wp-content\/uploads\/2017\/11\/WCDSB-Logo-300x92.png 300w, https:\/\/www.mkn-rcm.ca\/french\/wp-content\/uploads\/2017\/11\/WCDSB-Logo.png 367w\" alt=\"\" width=\"251\" height=\"77\"><\/a><\/td>\n<td width=\"312\"><strong><a href=\"http:\/\/www.mkn-rcm.ca\/french\/steven-floyd-the-history-of-the-computer-science-curriculum-in-ontario\/\">Steven Floyd: l\u2019histoire du curriculum informatique en Ontario<\/a><\/strong><a href=\"http:\/\/www.mkn-rcm.ca\/french\/wp-content\/uploads\/2019\/02\/Screen-Shot-2019-02-14-at-2.22.01-PM.png\"><img loading=\"lazy\" class=\"alignnone size-thumbnail wp-image-2704\" src=\"http:\/\/www.mkn-rcm.ca\/french\/wp-content\/uploads\/2019\/02\/Screen-Shot-2019-02-14-at-2.22.01-PM-150x150.png\" alt=\"\" width=\"150\" height=\"150\"><\/a><\/td>\n<\/tr>\n<\/tbody>\n<\/table>\n<h4><strong>\u00c9V\u00c8NEMENTS \u00c0 VENIR<br \/>\n<\/strong><\/h4>\n<ul>\n<li>Deux webinaires de Andy diSessa (Berkeley) sur la litt\u00e9ratie informatique et sur l\u2019intelligence artificielle en \u00e9ducationv \u2013 <strong>en mai<\/strong><\/li>\n<li>L\u2019\u00e9quipe des transitions critiques dans les premi\u00e8res ann\u00e9es anime une conf\u00e9rence de d\u00e9veloppement professionnel pour les enseignants du primaire \u00e0 l\u2019Universit\u00e9 Queen \u2013 <strong>en ao\u00fbt<\/strong><\/li>\n<li><strong>Mod\u00e9lisation informatique \u00e0 Wellington CDSB<\/strong>\n<ol>\n<li>Ateliers de codage et de math\u00e9matique \u00e0 St. Patrick\u2019s Catholic School <strong>(F\u00e9vrier-Mai)<\/strong><\/li>\n<li>Webinaires de codage et de math\u00e9matique pour la maternelle \u00e0 la 10e ann\u00e9e pour les enseignants de Wellington CDSB&nbsp; <strong>(Avril-Mai)<\/strong><\/li>\n<li>Programme int\u00e9gr\u00e9 de math\u00e9matique et de science informatique <strong>(en-cours)<\/strong><\/li>\n<\/ol>\n<\/li>\n<\/ul>\n<\/div>\n<\/div>\n","protected":false},"excerpt":{"rendered":"<p>Revue trimestrielle du R\u00e9seau de connaissances en math\u00e9matiques (Math Knowledge Network QUARTERLY) volume 1, num\u00e9ro 1 Bienvenue au premier num\u00e9ro du Math Knowledge Network Quarterly! Nous sommes ravis de partager certains des travaux r\u00e9cents de nos communaut\u00e9s de pratique : leadership en math\u00e9matique, transitions critiques, savoirs autochtones et mod\u00e9lisation informatique. Un grand merci \u00e0 Arielle &hellip; <a href=\"https:\/\/www.mkn-rcm.ca\/french\/volume-1-issue-1\/\" class=\"more-link\">Continue reading<span class=\"screen-reader-text\"> &#8220;Revue MKN Quarterly vol. 1, no 1&#8221;<\/span><\/a><\/p>\n","protected":false},"author":272,"featured_media":0,"parent":0,"menu_order":0,"comment_status":"closed","ping_status":"closed","template":"","meta":[],"_links":{"self":[{"href":"https:\/\/www.mkn-rcm.ca\/french\/wp-json\/wp\/v2\/pages\/2507"}],"collection":[{"href":"https:\/\/www.mkn-rcm.ca\/french\/wp-json\/wp\/v2\/pages"}],"about":[{"href":"https:\/\/www.mkn-rcm.ca\/french\/wp-json\/wp\/v2\/types\/page"}],"author":[{"embeddable":true,"href":"https:\/\/www.mkn-rcm.ca\/french\/wp-json\/wp\/v2\/users\/272"}],"replies":[{"embeddable":true,"href":"https:\/\/www.mkn-rcm.ca\/french\/wp-json\/wp\/v2\/comments?post=2507"}],"version-history":[{"count":46,"href":"https:\/\/www.mkn-rcm.ca\/french\/wp-json\/wp\/v2\/pages\/2507\/revisions"}],"predecessor-version":[{"id":6147,"href":"https:\/\/www.mkn-rcm.ca\/french\/wp-json\/wp\/v2\/pages\/2507\/revisions\/6147"}],"wp:attachment":[{"href":"https:\/\/www.mkn-rcm.ca\/french\/wp-json\/wp\/v2\/media?parent=2507"}],"curies":[{"name":"wp","href":"https:\/\/api.w.org\/{rel}","templated":true}]}}