{"id":27,"date":"2016-11-15T17:20:01","date_gmt":"2016-11-15T22:20:01","guid":{"rendered":"http:\/\/mkn-rcm.ca\/?page_id=27"},"modified":"2023-01-24T00:28:54","modified_gmt":"2023-01-24T05:28:54","slug":"outcomes","status":"publish","type":"page","link":"https:\/\/www.mkn-rcm.ca\/french\/outcomes\/","title":{"rendered":"R\u00e9sultats"},"content":{"rendered":"\n<div class=\"twitter-share\"><a href=\"https:\/\/twitter.com\/intent\/tweet?via=mknrcm\" class=\"twitter-share-button\">Tweet<\/a><\/div>\n<p><em><strong>\u00a0<\/strong><\/em><\/p>\n<ol>\n<li>Meilleur engagement des \u00e9l\u00e8ves, \u00e9quit\u00e9 des r\u00e9sultats et bien-\u00eatre des \u00e9l\u00e8ves marginalis\u00e9s par l\u2019am\u00e9lioration des possibilit\u00e9s d\u2019apprentissage et de participation;<\/li>\n<li>sensibilisation, compr\u00e9hension, utilisation et partage accrus de pratiques fond\u00e9es sur des donn\u00e9es probantes relativement aux math\u00e9matiques en incitant les enseignants \u00e0 concevoir conjointement des exp\u00e9riences d\u2019apprentissage math\u00e9matique pour les \u00e9l\u00e8ves qui offrent un aper\u00e7u conceptuel et surprenant, ainsi que des occasions de partager leur apprentissage avec leur famille, les pairs et la communaut\u00e9 en g\u00e9n\u00e9ral, en changeant les mentalit\u00e9s \u00e0 l\u2019\u00e9gard de l\u2019apprentissage professionnel et des attitudes \u00e0 l\u2019\u00e9gard des math\u00e9matiques;<\/li>\n<li>capacit\u00e9 accrue des districts scolaires, des organismes et des universit\u00e9s de l\u2019Ontario de collaborer, d\u2019acc\u00e9der aux connaissances existantes et d\u2019en g\u00e9n\u00e9rer de nouvelles qui peuvent avoir une incidence positive sur l\u2019enseignement et l\u2019apprentissage des math\u00e9matiques et atteindre efficacement les objectifs et les orientations du curriculum et des politiques de l\u2019Ontario;<\/li>\n<li>une collaboration, des partenariats et un r\u00e9seautage accrus, \u00e0 l&#8217;interne et \u00e0 l&#8217;externe, entre le minist\u00e8re, les organisations, les collectivit\u00e9s, les r\u00e9seaux et les communaut\u00e9s de pratique connexes dans l\u2019ensemble du secteur de l\u2019\u00e9ducation;<\/li>\n<li>l\u2019apprentissage avanc\u00e9 des math\u00e9matiques pour les \u00e9l\u00e8ves des Premi\u00e8res Nations, m\u00e9tis et inuits, fond\u00e9 sur des m\u00e9thodes qui ont \u00e9t\u00e9 identifi\u00e9es par les technologies et la conception traditionnelles, ainsi que l\u2019\u00e9largissement de la perspective des \u00e9ducateurs afin d\u2019approfondir leur compr\u00e9hension des avantages de l\u2019int\u00e9gration des \u00ab modes de savoir \u00bb autochtones dans leur pratique; et<\/li>\n<li>la croissance soutenue, en ampleur et en profondeur, des r\u00e9seaux qui offrent un partage des connaissances fond\u00e9 sur des donn\u00e9es probantes pour \u00e9clairer les programmes, les politiques et les pratiques en math\u00e9matiques, en fonction des sources de financement existantes et autres.<\/li>\n<\/ol>\n","protected":false},"excerpt":{"rendered":"<p>\u00a0 Meilleur engagement des \u00e9l\u00e8ves, \u00e9quit\u00e9 des r\u00e9sultats et bien-\u00eatre des \u00e9l\u00e8ves marginalis\u00e9s par l\u2019am\u00e9lioration des possibilit\u00e9s d\u2019apprentissage et de participation; sensibilisation, compr\u00e9hension, utilisation et partage accrus de pratiques fond\u00e9es sur des donn\u00e9es probantes relativement aux math\u00e9matiques en incitant les enseignants \u00e0 concevoir conjointement des exp\u00e9riences d\u2019apprentissage math\u00e9matique pour les \u00e9l\u00e8ves qui offrent un aper\u00e7u &hellip; <a href=\"https:\/\/www.mkn-rcm.ca\/french\/outcomes\/\" class=\"more-link\">Continue reading<span class=\"screen-reader-text\"> &#8220;R\u00e9sultats&#8221;<\/span><\/a><\/p>\n","protected":false},"author":1,"featured_media":0,"parent":0,"menu_order":0,"comment_status":"closed","ping_status":"closed","template":"","meta":[],"_links":{"self":[{"href":"https:\/\/www.mkn-rcm.ca\/french\/wp-json\/wp\/v2\/pages\/27"}],"collection":[{"href":"https:\/\/www.mkn-rcm.ca\/french\/wp-json\/wp\/v2\/pages"}],"about":[{"href":"https:\/\/www.mkn-rcm.ca\/french\/wp-json\/wp\/v2\/types\/page"}],"author":[{"embeddable":true,"href":"https:\/\/www.mkn-rcm.ca\/french\/wp-json\/wp\/v2\/users\/1"}],"replies":[{"embeddable":true,"href":"https:\/\/www.mkn-rcm.ca\/french\/wp-json\/wp\/v2\/comments?post=27"}],"version-history":[{"count":8,"href":"https:\/\/www.mkn-rcm.ca\/french\/wp-json\/wp\/v2\/pages\/27\/revisions"}],"predecessor-version":[{"id":6102,"href":"https:\/\/www.mkn-rcm.ca\/french\/wp-json\/wp\/v2\/pages\/27\/revisions\/6102"}],"wp:attachment":[{"href":"https:\/\/www.mkn-rcm.ca\/french\/wp-json\/wp\/v2\/media?parent=27"}],"curies":[{"name":"wp","href":"https:\/\/api.w.org\/{rel}","templated":true}]}}