{"id":35,"date":"2016-11-15T17:25:01","date_gmt":"2016-11-15T22:25:01","guid":{"rendered":"http:\/\/mkn-rcm.ca\/?page_id=35"},"modified":"2023-01-26T19:28:05","modified_gmt":"2023-01-27T00:28:05","slug":"web","status":"publish","type":"page","link":"https:\/\/www.mkn-rcm.ca\/french\/web\/","title":{"rendered":"Le web"},"content":{"rendered":"\n<div class=\"twitter-share\"><a href=\"https:\/\/twitter.com\/intent\/tweet?via=mknrcm\" class=\"twitter-share-button\">Tweet<\/a><\/div>\n<p><strong><em>Communication bas\u00e9e sur le Web<\/em><\/strong><\/p>\n<ol>\n<li><strong><em>Site web du projet<\/em><\/strong><\/li>\n<\/ol>\n<p>This project website will serve as a hub for sharing projects and ideas among CoPs, showcasing the Network\u2019s work, disseminating actionable resources and case stories to the wider mathematics education community in Ontario and beyond, advertising up-coming workshops and institutes, and linked to and integrating partners\u2019 digital assets. The website will be offered in English and in French, with the latter hosted\/maintained by AFEMO (l\u2019Association Francophone pour l\u2019Enseignement des Math\u00e9matiques en Ontario). TVO will provide a platform for co-construction and sharing of knowledge through <a href=\"http:\/\/www.teachontario.ca\/\" target=\"_blank\" rel=\"noopener\">TeachOntario<\/a>.<\/p>\n<ol start=\"2\">\n<li><em><strong>M\u00e9dias sociaux<\/strong><\/em><\/li>\n<\/ol>\n<p>Le MKN-RCM utilisera les m\u00e9dias sociaux (p. ex. Twitter) pour communiquer avec le public et tous les groupes d\u2019intervenants. Bien que cette approche n\u2019atteindra pas n\u00e9cessairement tous nos publics cibles, elle permettra des mises \u00e0 jour mineures et progressives pour ceux qui y participent. Les m\u00e9dias sociaux permettront \u00e9galement au MKN-RCM de se connecter \u00e0 d\u2019autres organisations de math\u00e9matiques qui fournissent \u00e9galement des mises \u00e0 jour en termes de pratiques exemplaires, d\u2019\u00e9v\u00e9nements et de r\u00e9sultats de recherche susceptibles d\u2019int\u00e9resser le MKN-RCM.<\/p>\n","protected":false},"excerpt":{"rendered":"<p>Communication bas\u00e9e sur le Web Site web du projet This project website will serve as a hub for sharing projects and ideas among CoPs, showcasing the Network\u2019s work, disseminating actionable resources and case stories to the wider mathematics education community in Ontario and beyond, advertising up-coming workshops and institutes, and linked to and integrating partners\u2019 &hellip; <a href=\"https:\/\/www.mkn-rcm.ca\/french\/web\/\" class=\"more-link\">Continue reading<span class=\"screen-reader-text\"> &#8220;Le web&#8221;<\/span><\/a><\/p>\n","protected":false},"author":1,"featured_media":0,"parent":0,"menu_order":0,"comment_status":"closed","ping_status":"closed","template":"","meta":[],"_links":{"self":[{"href":"https:\/\/www.mkn-rcm.ca\/french\/wp-json\/wp\/v2\/pages\/35"}],"collection":[{"href":"https:\/\/www.mkn-rcm.ca\/french\/wp-json\/wp\/v2\/pages"}],"about":[{"href":"https:\/\/www.mkn-rcm.ca\/french\/wp-json\/wp\/v2\/types\/page"}],"author":[{"embeddable":true,"href":"https:\/\/www.mkn-rcm.ca\/french\/wp-json\/wp\/v2\/users\/1"}],"replies":[{"embeddable":true,"href":"https:\/\/www.mkn-rcm.ca\/french\/wp-json\/wp\/v2\/comments?post=35"}],"version-history":[{"count":7,"href":"https:\/\/www.mkn-rcm.ca\/french\/wp-json\/wp\/v2\/pages\/35\/revisions"}],"predecessor-version":[{"id":6128,"href":"https:\/\/www.mkn-rcm.ca\/french\/wp-json\/wp\/v2\/pages\/35\/revisions\/6128"}],"wp:attachment":[{"href":"https:\/\/www.mkn-rcm.ca\/french\/wp-json\/wp\/v2\/media?parent=35"}],"curies":[{"name":"wp","href":"https:\/\/api.w.org\/{rel}","templated":true}]}}