{"id":4298,"date":"2021-05-25T10:26:31","date_gmt":"2021-05-25T14:26:31","guid":{"rendered":"http:\/\/mkn-rcm.ca\/?page_id=4298"},"modified":"2023-03-06T17:40:59","modified_gmt":"2023-03-06T22:40:59","slug":"mkn-quarterly-volume-2-issue-2","status":"publish","type":"page","link":"https:\/\/www.mkn-rcm.ca\/french\/mkn-quarterly-volume-2-issue-2\/","title":{"rendered":"Revue trimestrielle MKN-RCM Quarterly vol. 2, no 2 &#8211; ao\u00fbt 2022"},"content":{"rendered":"\n<div class=\"twitter-share\"><a href=\"https:\/\/twitter.com\/intent\/tweet?via=mknrcm\" class=\"twitter-share-button\">Tweet<\/a><\/div>\n\n<h2>Math Knowledge Network QUARTERLY Volume 2, Num\u00e9ro 2<\/h2>\n\n\n<div class=\"wp-block-image\">\n<figure class=\"alignright\"><img loading=\"lazy\" width=\"300\" height=\"200\" src=\"http:\/\/www.mkn-rcm.ca\/french\/wp-content\/uploads\/2019\/02\/Children-Math-300x200.jpg\" alt=\"\" class=\"wp-image-2505\" srcset=\"https:\/\/www.mkn-rcm.ca\/french\/wp-content\/uploads\/2019\/02\/Children-Math-300x200.jpg 300w, https:\/\/www.mkn-rcm.ca\/french\/wp-content\/uploads\/2019\/02\/Children-Math-768x512.jpg 768w, https:\/\/www.mkn-rcm.ca\/french\/wp-content\/uploads\/2019\/02\/Children-Math.jpg 780w\" sizes=\"(max-width: 300px) 85vw, 300px\" \/><\/figure><\/div>\n\n\n<p>Bienvenue au num\u00e9ro 2 du volume 2 de la publication trimestrielle Math Knowledge Network Quarterly!<\/p>\n\n\n\n<p>Voir les liens vers tout le contenu ci-dessous.<\/p>\n\n\n\n<p>Nous sommes ravis de partager certains des travaux r\u00e9cents de nos communaut\u00e9s de pratique : leadership en math\u00e9matique, transitions critiques, savoirs autochtones et mod\u00e9lisation informatique.<\/p>\n\n\n\n<p>Donna Kotsopoulos et Dragana Martinovic (co-directrices du MKN-RCM)<\/p>\n\n\n\n<p><em>PS \u2013 Pour rester au courant des \u00e9v\u00e9nements, activit\u00e9s et ressources \u00e0 venir, veuillez visiter <a href=\"http:\/\/www.mkn-rcm.ca\/french\/\">le site web du RCM<\/a>, vous inscrire \u00e0 notre liste de diffusion (voir le formulaire d\u2019abonnement en bas \u00e0 droite) et nous suivre sur Twitter <a href=\"https:\/\/twitter.com\/mknrcm\">@mknrcm<\/a>.<\/em><\/p>\n\n\n\n<hr class=\"wp-block-separator has-alpha-channel-opacity\"\/>\n\n\n\n<article id=\"post-4450\" class=\"post-4450 post type-post status-publish format-standard hentry category-communities-of-practice category-computational-thinking category-critical-transitions category-early-years category-fnmieao category-gecdsb category-grade-8-to-9 category-indigenous-knowledge category-lesson-study category-math-tasks category-mathematics-leadership category-mkn category-professional-learning category-queens-university category-resources category-uoit category-wcdsb\">\n<div class=\"entry-content\">\n<h4 style=\"text-align: left;\">DANS CE NUM\u00c9RO<\/h4>\n<table>\n<tbody>\n<tr>\n<td width=\"312\"><strong><a href=\"http:\/\/www.mkn-rcm.ca\/french\/indigenous-knowledge-cop-update-into-the-everlasting-skies-community-event\">Mise \u00e0 jour sur les savoirs autochtones : l\u2019\u00e9v\u00e8nement communautaire \u00ab Into the Everlasting Skies \u00bb<br><\/a><\/strong>\n<p>&nbsp;<\/p>\n<figure><img loading=\"lazy\" class=\"alignnone wp-image-4371 size-full\" src=\"http:\/\/www.mkn-rcm.ca\/french\/wp-content\/uploads\/2021\/05\/ikupdate10.png\" sizes=\"(max-width: 709px) 85vw, (max-width: 909px) 67vw, (max-width: 1362px) 62vw, 840px\" srcset=\"http:\/\/www.mkn-rcm.ca\/french\/wp-content\/uploads\/2021\/05\/ikupdate10.png 862w, http:\/\/www.mkn-rcm.ca\/french\/wp-content\/uploads\/2021\/05\/ikupdate10-300x54.png 300w, http:\/\/www.mkn-rcm.ca\/french\/wp-content\/uploads\/2021\/05\/ikupdate10-768x138.png 768w\" alt=\"\" width=\"862\" height=\"155\"><\/figure><p><\/p>\n<\/td>\n<td width=\"312\"><strong><a href=\"http:\/\/www.mkn-rcm.ca\/french\/canadian-early-mathematics-education-ceme-conference\/\">Conf\u00e9rence canadienne sur l\u2019\u00e9ducation pr\u00e9coce en math\u00e9matique (Early Mathematics Education [CEME] Conference)<\/a><\/strong>\n<p>&nbsp;<\/p>\n<figure><img loading=\"lazy\" class=\"wp-image-3830 aligncenter\" src=\"http:\/\/www.mkn-rcm.ca\/french\/wp-content\/uploads\/2020\/07\/CTEMath_Logo_Long.png\" sizes=\"(max-width: 325px) 85vw, 325px\" srcset=\"http:\/\/www.mkn-rcm.ca\/french\/wp-content\/uploads\/2020\/07\/CTEMath_Logo_Long.png 1195w, http:\/\/www.mkn-rcm.ca\/french\/wp-content\/uploads\/2020\/07\/CTEMath_Logo_Long-300x79.png 300w, http:\/\/www.mkn-rcm.ca\/french\/wp-content\/uploads\/2020\/07\/CTEMath_Logo_Long-768x201.png 768w, http:\/\/www.mkn-rcm.ca\/french\/wp-content\/uploads\/2020\/07\/CTEMath_Logo_Long-1024x268.png 1024w\" alt=\"\" width=\"325\" height=\"85\"><\/figure><p><\/p>\n<\/td>\n<\/tr>\n<tr>\n<td width=\"312\"><strong><a href=\"http:\/\/www.mkn-rcm.ca\/french\/coding-update-wellington-cdsb\">Mise \u00e0 jour de la CdP sur le codage : Wellington CDSB<\/a><\/strong>\n<p>&nbsp;<\/p>\n<figure><img loading=\"lazy\" class=\"wp-image-2819 size-full aligncenter\" src=\"http:\/\/www.mkn-rcm.ca\/french\/wp-content\/uploads\/2017\/09\/WCDSB.png\" alt=\"\" width=\"300\" height=\"92\"><\/figure><p><\/p>\n<\/td>\n<td width=\"312\"><strong><a href=\"http:\/\/www.mkn-rcm.ca\/french\/mathematics-leadership-cop-updates\">Leadership en math\u00e9matique : GECDSB Virtual School, Algoma Connect Program &amp; Upcoming Events (\u00c9cole virtuelle GECDSB, programme \u00ab Connect \u00bb de l\u2019Universit\u00e9 Algoma et \u00e9v\u00e8nements \u00e0 venir)<\/a><\/strong>\n<p>&nbsp;<\/p>\n<figure><img loading=\"lazy\" class=\"alignnone wp-image-4390 size-full\" src=\"http:\/\/www.mkn-rcm.ca\/french\/wp-content\/uploads\/2021\/05\/MLupdate-1.png\" sizes=\"(max-width: 545px) 85vw, 545px\" srcset=\"http:\/\/www.mkn-rcm.ca\/french\/wp-content\/uploads\/2021\/05\/MLupdate-1.png 545w, http:\/\/www.mkn-rcm.ca\/french\/wp-content\/uploads\/2021\/05\/MLupdate-1-300x75.png 300w\" alt=\"\" width=\"545\" height=\"137\"><\/figure><p><\/p>\n<\/td>\n<\/tr>\n<tr>\n<td width=\"312\"><strong><a href=\"http:\/\/www.mkn-rcm.ca\/french\/indigenous-knowledge-cop-updates\/\">Mise \u00e0 jour sur la CdP sur le savoir autochtone : Elders Gathering and Knowledge Sharing (R\u00e9union des a\u00een\u00e9s et partage du savoir)<\/a><\/strong>\n<p>&nbsp;<\/p>\n<figure><img loading=\"lazy\" class=\"wp-image-4413 aligncenter\" src=\"http:\/\/www.mkn-rcm.ca\/french\/wp-content\/uploads\/2021\/05\/IKupdate.png\" sizes=\"(max-width: 331px) 85vw, 331px\" srcset=\"http:\/\/www.mkn-rcm.ca\/french\/wp-content\/uploads\/2021\/05\/IKupdate.png 1047w, http:\/\/www.mkn-rcm.ca\/french\/wp-content\/uploads\/2021\/05\/IKupdate-300x54.png 300w, http:\/\/www.mkn-rcm.ca\/french\/wp-content\/uploads\/2021\/05\/IKupdate-768x137.png 768w, http:\/\/www.mkn-rcm.ca\/french\/wp-content\/uploads\/2021\/05\/IKupdate-1024x183.png 1024w\" alt=\"\" width=\"331\" height=\"59\"><\/figure><p><\/p>\n<\/td>\n<td width=\"312\"><strong><a href=\"http:\/\/www.mkn-rcm.ca\/french\/math-making-professional-learning-project-with-rainy-river-district-school-board-rrdsb\/\">Projet d\u2019apprentissage professionnel Math + Making&nbsp; avec Rainy River District School Board (RRDSB)<\/a><\/strong>\n<p>&nbsp;<\/p>\n<figure><a href=\"http:\/\/www.mkn-rcm.ca\/french\/wp-content\/uploads\/2019\/06\/Screen-Shot-2019-06-10-at-11.50.39-PM.png\"><img loading=\"lazy\" class=\"alignnone wp-image-4326 size-full\" src=\"http:\/\/www.mkn-rcm.ca\/french\/wp-content\/uploads\/2021\/05\/RRDSB-and-STEAM.png\" sizes=\"(max-width: 486px) 85vw, 486px\" srcset=\"http:\/\/www.mkn-rcm.ca\/french\/wp-content\/uploads\/2021\/05\/RRDSB-and-STEAM.png 486w, http:\/\/www.mkn-rcm.ca\/french\/wp-content\/uploads\/2021\/05\/RRDSB-and-STEAM-300x106.png 300w\" alt=\"\" width=\"486\" height=\"171\"><\/a><\/figure><p><\/p>\n<\/td>\n<\/tr>\n<tr>\n<td width=\"312\"><strong><a href=\"http:\/\/www.mkn-rcm.ca\/french\/critical-transitions-secondary-university-update\">Mise \u00e0 jour de la CdP transitions critiques : du secondaire \u00e0 l\u2019universit\u00e9<\/a><\/strong>\n<p>&nbsp;<\/p>\n<figure><img loading=\"lazy\" class=\"alignnone wp-image-4402 size-full\" src=\"http:\/\/www.mkn-rcm.ca\/french\/wp-content\/uploads\/2021\/05\/Desmos.png\" alt=\"\" width=\"268\" height=\"122\"><\/figure><p><\/p>\n<\/td>\n<td width=\"312\"><a href=\"http:\/\/www.mkn-rcm.ca\/french\/mkn-fields-institute-ask-a-mathematician-program\"><strong>Le programme \u00ab Demande \u00e0 un math\u00e9maticien \u00bb du MKN et de Fields Institute<\/strong><\/a>\n<p>&nbsp;<\/p>\n<figure><img loading=\"lazy\" class=\"wp-image-4421 size-full aligncenter\" src=\"http:\/\/www.mkn-rcm.ca\/french\/wp-content\/uploads\/2021\/05\/mknfields.png\" sizes=\"(max-width: 467px) 85vw, 467px\" srcset=\"http:\/\/www.mkn-rcm.ca\/french\/wp-content\/uploads\/2021\/05\/mknfields.png 467w, http:\/\/www.mkn-rcm.ca\/french\/wp-content\/uploads\/2021\/05\/mknfields-300x107.png 300w\" alt=\"\" width=\"467\" height=\"166\"><\/figure><p><\/p>\n<\/td>\n<\/tr>\n<tr>\n<td width=\"312\"><strong><a href=\"http:\/\/www.mkn-rcm.ca\/french\/coding-in-the-ontario-mathematics-curriculum-1-8-might-it-be-transformational\">Le codage dans les programmes de math\u00e9matique de la 1re \u00e0 la 8e ann\u00e9e en Ontario :&nbsp; est-ce que \u00e7a pourrait transformer les pratiques?<\/a><\/strong>\n<p>&nbsp;<\/p>\n<figure><a href=\"http:\/\/www.mkn-rcm.ca\/french\/wp-content\/uploads\/2019\/06\/Brock.png\"><img loading=\"lazy\" class=\"wp-image-4436 aligncenter\" src=\"http:\/\/www.mkn-rcm.ca\/french\/wp-content\/uploads\/2021\/05\/cmupdate2.png\" sizes=\"(max-width: 203px) 85vw, 203px\" srcset=\"http:\/\/www.mkn-rcm.ca\/french\/wp-content\/uploads\/2021\/05\/cmupdate2.png 304w, http:\/\/www.mkn-rcm.ca\/french\/wp-content\/uploads\/2021\/05\/cmupdate2-300x194.png 300w\" alt=\"\" width=\"203\" height=\"132\"><\/a><\/figure><p><\/p>\n<\/td>\n<td width=\"312\"><strong><a href=\"http:\/\/www.mkn-rcm.ca\/french\/interdisciplinary-lesson-plans-2\">* Transitions critiques : des plans de le\u00e7ons inter-disciplinaires.<\/a><\/strong>\n<p>&nbsp;<\/p>\n<figure><img loading=\"lazy\" class=\"wp-image-4439 aligncenter\" src=\"http:\/\/www.mkn-rcm.ca\/french\/wp-content\/uploads\/2021\/05\/crtupdate.png\" sizes=\"(max-width: 228px) 85vw, 228px\" srcset=\"http:\/\/www.mkn-rcm.ca\/french\/wp-content\/uploads\/2021\/05\/crtupdate.png 432w, http:\/\/www.mkn-rcm.ca\/french\/wp-content\/uploads\/2021\/05\/crtupdate-300x172.png 300w\" alt=\"\" width=\"228\" height=\"130\"><\/figure><p><\/p>\n<\/td>\n<\/tr>\n<\/tbody>\n<\/table>\n<\/div>\n<\/article>\n","protected":false},"excerpt":{"rendered":"<p>Math Knowledge Network QUARTERLY Volume 2, Num\u00e9ro 2 Bienvenue au num\u00e9ro 2 du volume 2 de la publication trimestrielle Math Knowledge Network Quarterly! Voir les liens vers tout le contenu ci-dessous. Nous sommes ravis de partager certains des travaux r\u00e9cents de nos communaut\u00e9s de pratique : leadership en math\u00e9matique, transitions critiques, savoirs autochtones et mod\u00e9lisation &hellip; <a href=\"https:\/\/www.mkn-rcm.ca\/french\/mkn-quarterly-volume-2-issue-2\/\" class=\"more-link\">Continue reading<span class=\"screen-reader-text\"> &#8220;Revue trimestrielle MKN-RCM Quarterly vol. 2, no 2 &#8211; ao\u00fbt 2022&#8221;<\/span><\/a><\/p>\n","protected":false},"author":272,"featured_media":0,"parent":0,"menu_order":0,"comment_status":"closed","ping_status":"closed","template":"","meta":[],"_links":{"self":[{"href":"https:\/\/www.mkn-rcm.ca\/french\/wp-json\/wp\/v2\/pages\/4298"}],"collection":[{"href":"https:\/\/www.mkn-rcm.ca\/french\/wp-json\/wp\/v2\/pages"}],"about":[{"href":"https:\/\/www.mkn-rcm.ca\/french\/wp-json\/wp\/v2\/types\/page"}],"author":[{"embeddable":true,"href":"https:\/\/www.mkn-rcm.ca\/french\/wp-json\/wp\/v2\/users\/272"}],"replies":[{"embeddable":true,"href":"https:\/\/www.mkn-rcm.ca\/french\/wp-json\/wp\/v2\/comments?post=4298"}],"version-history":[{"count":30,"href":"https:\/\/www.mkn-rcm.ca\/french\/wp-json\/wp\/v2\/pages\/4298\/revisions"}],"predecessor-version":[{"id":6498,"href":"https:\/\/www.mkn-rcm.ca\/french\/wp-json\/wp\/v2\/pages\/4298\/revisions\/6498"}],"wp:attachment":[{"href":"https:\/\/www.mkn-rcm.ca\/french\/wp-json\/wp\/v2\/media?parent=4298"}],"curies":[{"name":"wp","href":"https:\/\/api.w.org\/{rel}","templated":true}]}}